rime factors of y(a).
3
Let k = 2 - 13. Let d = 3 - k. What are the prime factors of d?
2, 7
What are the prime factors of (-1539)/(-21) + 2/(-7)?
73
Let m = 65 - 26. What are the prime factors of m?
3, 13
Let b(j) = -j + 7. Let k = 24 + -17. Suppose -k = 2*m - 2*c - 21, 3*m - 25 = 5*c. What are the prime factors of b(m)?
2
Suppose 0 = -0*r + 4*r - 236. List the prime factors of r.
59
Let z(y) = 2*y**2 + y + 2. Suppose 8 = -3*r - 4*u, 4*r - 7 = r - u. Suppose -6*v - r*f = -3*v - 11, 2*v = -2*f + 4. List the prime factors of z(v).
17
Suppose -54 = -5*k - q, 0 = 5*k + q + 2*q - 52. Let n = 6 - 2. Suppose -2*j + 62 = n*s, 5*s + 2*j = 89 - k. What are the prime factors of s?
2
Suppose 69 = 3*u + u + v, -56 = -3*u - 5*v. Let y = -11 + u. List the prime factors of y.
2, 3
Let s = 1 - -3. List the prime factors of (6/s)/(9/120).
2, 5
Let a = 32 - 14. List the prime factors of a.
2, 3
Suppose 14 - 4 = 5*g. Suppose 3*v + 1 = -2. Let l = g - v. What are the prime factors of l?
3
Let b be 0 - 2 - (-5 - 3). Suppose -3*p = -0*p - b. List the prime factors of p.
2
Suppose 0 = -5*r + 3*k - 5, -3*k - 2*k = -2*r + 17. Let t = r + 8. What are the prime factors of t?
2
List the prime factors of 57 + (-1)/(4/(-4)).
2, 29
List the prime factors of 3 - 2 - (-1*210 - -2).
11, 19
Suppose 3*u + q = -q + 11, 2*u + 1 = -3*q. What are the prime factors of u?
7
Suppose 3*u - 206 = 73. What are the prime factors of u?
3, 31
List the prime factors of 5/30 + 515/6.
2, 43
Suppose -2*h + 24 = 2*j - 38, -4*h - 5*j + 125 = 0. List the prime factors of h.
2, 3, 5
Suppose 0 = -2*l - 2*t, -t + 3 = -4*l + 23. Suppose g + l*g = 10. Suppose 25 = -5*o, -g*q + 24 = -0*q - 4*o. List the prime factors of q.
2
What are the prime factors of 1/9 - 3230/(-171)?
19
Let q(p) = -p - 6. Let h be q(-8). Suppose -5*w + a = -a - 200, -4*w + 142 = h*a. Let j = w + -23. What are the prime factors of j?
3, 5
Suppose 8 = 4*b + 2*z, b - 3*z = -b - 12. Let n be 18*(b + (-1)/(-2)). What are the prime factors of n - (2 + -1*2)?
3
Suppose -8*g = 5*j - 4*g - 625, 5*g = 0. List the prime factors of j.
5
Let f(d) = d**3 - 7*d**2 - 22*d - 4. What are the prime factors of f(11)?
2, 7, 17
Let h = 6 + -3. Suppose -p + h*c = -3*p + 24, -c + 32 = 2*p. List the prime factors of p.
2, 3
Suppose -45 + 9 = 2*a. List the prime factors of -5 - a - (-3 + 1).
3, 5
Let j be 12/(-16) - 2/8. List the prime factors of j/8 - (-3912)/64.
61
Suppose 3*a + j = 9, -5*j + 29 - 6 = 4*a. Let k(s) = 2*s**2 - 3*s + 2. Let o be k(a). Suppose 0 = -o*f + 13 - 1. What are the prime factors of f?
3
What are the prime factors of (-2)/15 - ((-10774)/30 + 2)?
3, 7, 17
Let p = 16 + 93. List the prime factors of p.
109
Let c = 1 + 2. Suppose -7 = -4*d + h, 4*h + 5 = -4*d - c. List the prime factors of (6 - 0)*d + 2.
2
Let c(j) = -j**2 + 2*j - 1. Let p be c(1). Let v(u) = u + 11. Let t be v(p). Suppose 0 = d - t. List the prime factors of d.
11
Let y(i) = i - 1. Let k be y(1). Let b = k + -4. What are the prime factors of 3/(-12) - 65/b?
2
Suppose 2*d - 5*d - 5*g + 26 = 0, -2*d - 3*g + 16 = 0. Let s = -2 + d. Suppose s = -0*r - r + 3. What are the prime factors of r?
3
Suppose w + 14 = q, -2*q - 4*w + 11 = -29. Let t = 2 + 1. Suppose -t*s + q = s. What are the prime factors of s?
2
Let y(h) = h**3 - h**2 + 165. What are the prime factors of y(0)?
3, 5, 11
Let x be 1*(1 + 6/3). Let k = 1 - x. What are the prime factors of 10 + (2 + k)/2?
2, 5
Let k = 2 + 0. Suppose -2*r - 2*d = -2, k*d - 15 = -5*r + 7*d. Let g = r - -1. What are the prime factors of g?
3
Let s = -4 + 34. List the prime factors of (9/3)/6*s.
3, 5
Suppose -5*v = h - 265, -5*v = -v - 2*h - 198. Suppose 14 = 2*f - v. What are the prime factors of f?
3, 11
Suppose -12*t + 1397 + 115 = 0. List the prime factors of t.
2, 3, 7
Suppose -4*i - i - 5*q + 10 = 0, -5*i = -q + 2. Let y(t) = 2*t**2 + 16. List the prime factors of y(i).
2
What are the prime factors of 2301/15 - (0 + (-12)/20)?
2, 7, 11
Suppose 4*u + 2*y + 3*y = 10, 0 = -5*u - y + 2. Suppose u*q - 14 = -q + 5*o, -q + 4 = -3*o. Let i = q + 16. List the prime factors of i.
5
Suppose 3*k = -2*d + 1, -3*d + 2*k + 10 = 2. List the prime factors of d.
2
Let j(n) = -n**3 - 6*n**2 - 3*n + 4. Let o be j(-4). Suppose 2*s + 26 = -4*g, -g = -3*s + 4*s + 18. Let h = o - s. What are the prime factors of h?
7
Let r = 62 + -33. Let f = -19 + r. What are the prime factors of f?
2, 5
Let v(r) = -5*r + 2*r - 7 + 5*r. What are the prime factors of v(11)?
3, 5
Let q = 31 - -20. Let h = q + -35. What are the prime factors of h?
2
Suppose 2*q - 94 + 4 = 0. Suppose q + 27 = 4*r. List the prime factors of r.
2, 3
Let n be (3 + 0)/(6/4). Let y be 1*-22 - n/1. Let f = -14 - y. List the prime factors of f.
2, 5
Suppose v + 10 = -10. Let l = 35 + v. What are the prime factors of l?
3, 5
Let i = 4 - -2. Let v(m) be the first derivative of 3*m**2/2 - 6*m - 5. List the prime factors of v(i).
2, 3
Suppose 0 = -8*s + 314 + 2518. What are the prime factors of s?
2, 3, 59
Let n be (1/3)/((-1)/3). Suppose 3*y - 8 = 10. Let r = y + n. What are the prime factors of r?
5
Suppose -4*k = -3*l + 499, 8*l + 332 = 10*l - 3*k. What are the prime factors of l?
13
Suppose -11*t + 15*t - 924 = 0. What are the prime factors of t?
3, 7, 11
Let s(k) be the first derivative of 14*k**4 - k**3/3 + k**2/2 - k + 5. What are the prime factors of s(1)?
5, 11
Let l = -36 + 83. List the prime factors of l.
47
Suppose -c + 12 + 7 = 0. List the prime factors of c.
19
Let d(p) = -p - 3. Let a be d(3). Let i = -4 - a. Suppose 4*z + 40 = 5*c, i*c + 3 = 5*z + 2. What are the prime factors of c?
2, 3
Suppose -140 = -2*f - 3*f. Suppose r + r + f = 0. Let u = r + 26. What are the prime factors of u?
2, 3
Suppose -j = 5, 3*w - 123 = j + 491. List the prime factors of w.
7, 29
Suppose l + 4 = -4*p - 12, -5*p - 13 = 3*l. Let j(i) = -3*i - i**2 - l + 3 + 2*i**2. List the prime factors of j(4).
3
Let d = -78 - -211. What are the prime factors of d?
7, 19
Let i(a) = 3*a**2 + 2*a + 1. Let t be i(-1). Suppose -t = v - 2*v. What are the prime factors of v?
2
Let i be ((-2)/(-1))/((-2)/13). Let g = i + 49. Suppose t - 32 = -4*c, 4*c + 0*t = -2*t + g. What are the prime factors of c?
7
List the prime factors of 372 - (0 + (-2 - -3) + -1).
2, 3, 31
Let g = 13 - -9. What are the prime factors of g?
2, 11
Let s = -238 + 376. What are the prime factors of s?
2, 3, 23
Let y be (-4 + -1 - -4)*-3. List the prime factors of 7/(-1) + y - -47.
43
Suppose 0 = s + 4, 62 = -3*w + 4*w - 5*s. What are the prime factors of (w/(-4))/((-15)/60)?
2, 3, 7
Let v(l) = 152*l + 6. List the prime factors of v(1).
2, 79
List the prime factors of 2 + (86/3)/((-4)/(-18)).
131
Let m be (159/(-6))/(1/2). Let n = m + 86. What are the prime factors of n?
3, 11
Let w be 1 - (1 + 0/(-3)). Suppose 5*z + 20 = 0, w = 2*q - 4*z + 8*z + 16. Suppose 4*l - 2*p = -q + 6, -l - 16 = -4*p. List the prime factors of l.
2
Suppose -12*g = -7*g - 215. What are the prime factors of g?
43
Let i(h) = 3*h**3 - 3*h**2 - 3*h - 6. List the prime factors of i(4).
2, 3, 7
Let s = -6 - -9. Suppose 0 = -3*d + s, 5*m - 5*d - 26 = -6. List the prime factors of m.
5
Suppose 4*z = 5*r, 4*r - 18 = 2*r - 2*z. What are the prime factors of r - (1 + -2 + 0)?
5
Let w be ((-1)/2)/(2/4). List the prime factors of -1 - (17 + -3)*w.
13
Let u(g) = -g**3 + 6*g**2 + 5*g + 4. What are the prime factors of u(6)?
2, 17
Let x be (3 + -4)*(0 + 0). Suppose -5*s + 2*f + 134 = x, -2*f = -s - f + 28. List the prime factors of s.
2, 13
Let m = 12 + -9. Suppose 49 - 10 = 3*z. Suppose -u + 5*i = 4, -4*u + m*i = -2*u - z. What are the prime factors of u?
11
Let b(k) = k + 1. Suppose -5*f - g - g = 0, -2*f - 3*g = 11. List the prime factors of b(f).
3
Let j(l) = 5*l + 5. Let v be j(-4). Let p = v - -153. What are the prime factors of p/8 - (-1)/(-4)?
17
Let t(w) = -4*w - 5. Suppose -y = -2*y + 2. Suppose 4 = y*p - 3*p. What are the prime factors of t(p)?
11
Suppose -5 = 3*l - i + 11, 5*i = l + 24. Let t(p) = -4*p**2 + 2*p**2 - 6 + p**2 + 4 - 5*p. List the prime factors of t(l).
2
List the prime factors of (-6)/1*((-700)/8)/7.
3, 5
Suppose 3*c = 2*o + 5 + 52, c + o = 19. What are the prime factors of c?
19
Let c be (-56)/(-6) - (-1)/(-3). List the prime factors of (1 - (-21)/c)*3.
2, 5
Let k(s) = 